{"id":390,"date":"2016-08-05T09:07:40","date_gmt":"2016-08-05T09:07:40","guid":{"rendered":"http:\/\/www.rdotsegroup.com\/inege\/?page_id=390"},"modified":"2023-10-30T15:58:48","modified_gmt":"2023-10-30T14:58:48","slug":"mision-y-vision","status":"publish","type":"page","link":"https:\/\/inege.org\/?page_id=390","title":{"rendered":"Misi\u00f3n y Visi\u00f3n"},"content":{"rendered":"\t\t<div data-elementor-type=\"wp-page\" data-elementor-id=\"390\" class=\"elementor elementor-390\" data-elementor-post-type=\"page\">\n\t\t\t\t\t\t<section class=\"elementor-section elementor-top-section elementor-element elementor-element-125e87d elementor-section-boxed elementor-section-height-default elementor-section-height-default\" data-id=\"125e87d\" data-element_type=\"section\" data-e-type=\"section\">\n\t\t\t\t\t\t<div class=\"elementor-container elementor-column-gap-default\">\n\t\t\t\t\t<div class=\"elementor-column elementor-col-100 elementor-top-column elementor-element elementor-element-07603f8\" data-id=\"07603f8\" data-element_type=\"column\" data-e-type=\"column\">\n\t\t\t<div class=\"elementor-widget-wrap elementor-element-populated\">\n\t\t\t\t\t\t<div class=\"elementor-element elementor-element-469f4c2 elementor-widget elementor-widget-epic_element_header_elementor\" data-id=\"469f4c2\" data-element_type=\"widget\" data-e-type=\"widget\" data-widget_type=\"epic_element_header_elementor.default\">\n\t\t\t\t<div class=\"elementor-widget-container\">\n\t\t\t\t\t<div  class=\"jeg_block_heading jeg_block_heading_5 jeg_alignleft epic_module__0_69dc82ccc5bb2   \">\n                    <h3 class=\"jeg_block_title\"><span>Misi\u00f3n y Visi\u00f3n<\/span><\/h3>\n                    <style>.epic_module__0_69dc82ccc5bb2.jeg_block_heading_5 .jeg_block_title span, .epic_module__0_69dc82ccc5bb2.jeg_block_heading_5 .jeg_block_title i { color: #21378C; }.epic_module__0_69dc82ccc5bb2.jeg_block_heading_5:before { border-color: #21378C; }<\/style>\n                <\/div>\t\t\t\t<\/div>\n\t\t\t\t<\/div>\n\t\t\t\t\t<\/div>\n\t\t<\/div>\n\t\t\t\t\t<\/div>\n\t\t<\/section>\n\t\t\t\t<section class=\"elementor-section elementor-top-section elementor-element elementor-element-ac1feb9 elementor-section-boxed elementor-section-height-default elementor-section-height-default\" data-id=\"ac1feb9\" data-element_type=\"section\" data-e-type=\"section\">\n\t\t\t\t\t\t<div class=\"elementor-container elementor-column-gap-default\">\n\t\t\t\t\t<div class=\"elementor-column elementor-col-50 elementor-top-column elementor-element elementor-element-20b3a30c\" data-id=\"20b3a30c\" data-element_type=\"column\" data-e-type=\"column\">\n\t\t\t<div class=\"elementor-widget-wrap elementor-element-populated\">\n\t\t\t\t\t\t<div class=\"elementor-element elementor-element-a07e046 elementor-widget elementor-widget-epic_element_header_elementor\" data-id=\"a07e046\" data-element_type=\"widget\" data-e-type=\"widget\" data-widget_type=\"epic_element_header_elementor.default\">\n\t\t\t\t<div class=\"elementor-widget-container\">\n\t\t\t\t\t<div  class=\"jeg_block_heading jeg_block_heading_3 jeg_alignleft epic_module__1_69dc82ccc7007   \">\n                    <h3 class=\"jeg_block_title\"><span>NOSOTROS<\/span><\/h3>\n                    <style>.epic_module__1_69dc82ccc7007.jeg_block_heading_3 { background: #21378C; }<\/style>\n                <\/div>\t\t\t\t<\/div>\n\t\t\t\t<\/div>\n\t\t\t\t<div class=\"elementor-element elementor-element-fddef3c elementor-nav-menu--dropdown-tablet elementor-nav-menu__text-align-aside elementor-nav-menu--toggle elementor-nav-menu--burger elementor-widget elementor-widget-nav-menu\" data-id=\"fddef3c\" data-element_type=\"widget\" data-e-type=\"widget\" data-settings=\"{&quot;layout&quot;:&quot;vertical&quot;,&quot;submenu_icon&quot;:{&quot;value&quot;:&quot;&lt;i class=\\&quot;fas fa-caret-down\\&quot; aria-hidden=\\&quot;true\\&quot;&gt;&lt;\\\/i&gt;&quot;,&quot;library&quot;:&quot;fa-solid&quot;},&quot;toggle&quot;:&quot;burger&quot;}\" data-widget_type=\"nav-menu.default\">\n\t\t\t\t<div class=\"elementor-widget-container\">\n\t\t\t\t\t\t\t\t<nav aria-label=\"Menu\" class=\"elementor-nav-menu--main elementor-nav-menu__container elementor-nav-menu--layout-vertical e--pointer-underline e--animation-fade\">\n\t\t\t\t<ul id=\"menu-1-fddef3c\" class=\"elementor-nav-menu sm-vertical\"><li class=\"menu-item menu-item-type-post_type menu-item-object-page menu-item-725\"><a href=\"https:\/\/inege.org\/?page_id=390\" class=\"elementor-item\">Misi\u00f3n y Visi\u00f3n<\/a><\/li>\n<li class=\"menu-item menu-item-type-post_type menu-item-object-page menu-item-726\"><a href=\"https:\/\/inege.org\/?page_id=388\" class=\"elementor-item\">Marco Legal<\/a><\/li>\n<li class=\"menu-item menu-item-type-post_type menu-item-object-page menu-item-727\"><a href=\"https:\/\/inege.org\/?page_id=386\" class=\"elementor-item\">Organigrama<\/a><\/li>\n<li class=\"menu-item menu-item-type-post_type menu-item-object-page menu-item-3744\"><a href=\"https:\/\/inege.org\/?page_id=3248\" class=\"elementor-item\">Actividades<\/a><\/li>\n<li class=\"menu-item menu-item-type-post_type menu-item-object-page menu-item-3872\"><a href=\"https:\/\/inege.org\/?page_id=3868\" class=\"elementor-item\">Nuestra Administraci\u00f3n<\/a><\/li>\n<\/ul>\t\t\t<\/nav>\n\t\t\t\t\t<div class=\"elementor-menu-toggle\" role=\"button\" tabindex=\"0\" aria-label=\"Menu Toggle\" aria-expanded=\"false\">\n\t\t\t<i aria-hidden=\"true\" role=\"presentation\" class=\"elementor-menu-toggle__icon--open eicon-menu-bar\"><\/i><i aria-hidden=\"true\" role=\"presentation\" class=\"elementor-menu-toggle__icon--close eicon-close\"><\/i>\t\t<\/div>\n\t\t\t\t\t<nav class=\"elementor-nav-menu--dropdown elementor-nav-menu__container\" aria-hidden=\"true\">\n\t\t\t\t<ul id=\"menu-2-fddef3c\" class=\"elementor-nav-menu sm-vertical\"><li class=\"menu-item menu-item-type-post_type menu-item-object-page menu-item-725\"><a href=\"https:\/\/inege.org\/?page_id=390\" class=\"elementor-item\" tabindex=\"-1\">Misi\u00f3n y Visi\u00f3n<\/a><\/li>\n<li class=\"menu-item menu-item-type-post_type menu-item-object-page menu-item-726\"><a href=\"https:\/\/inege.org\/?page_id=388\" class=\"elementor-item\" tabindex=\"-1\">Marco Legal<\/a><\/li>\n<li class=\"menu-item menu-item-type-post_type menu-item-object-page menu-item-727\"><a href=\"https:\/\/inege.org\/?page_id=386\" class=\"elementor-item\" tabindex=\"-1\">Organigrama<\/a><\/li>\n<li class=\"menu-item menu-item-type-post_type menu-item-object-page menu-item-3744\"><a href=\"https:\/\/inege.org\/?page_id=3248\" class=\"elementor-item\" tabindex=\"-1\">Actividades<\/a><\/li>\n<li class=\"menu-item menu-item-type-post_type menu-item-object-page menu-item-3872\"><a href=\"https:\/\/inege.org\/?page_id=3868\" class=\"elementor-item\" tabindex=\"-1\">Nuestra Administraci\u00f3n<\/a><\/li>\n<\/ul>\t\t\t<\/nav>\n\t\t\t\t\t\t<\/div>\n\t\t\t\t<\/div>\n\t\t\t\t\t<\/div>\n\t\t<\/div>\n\t\t\t\t<div class=\"elementor-column elementor-col-50 elementor-top-column elementor-element elementor-element-38ea852\" data-id=\"38ea852\" data-element_type=\"column\" data-e-type=\"column\">\n\t\t\t<div class=\"elementor-widget-wrap elementor-element-populated\">\n\t\t\t\t\t\t<div class=\"elementor-element elementor-element-4e9fee8 elementor-widget elementor-widget-image\" data-id=\"4e9fee8\" data-element_type=\"widget\" data-e-type=\"widget\" data-widget_type=\"image.default\">\n\t\t\t\t<div class=\"elementor-widget-container\">\n\t\t\t\t\t\t\t\t\t\t\t\t\t\t\t<img fetchpriority=\"high\" decoding=\"async\" width=\"512\" height=\"217\" src=\"https:\/\/inege.org\/wp-content\/uploads\/2021\/04\/unnamed.png\" class=\"attachment-large size-large wp-image-3747\" alt=\"\" srcset=\"https:\/\/inege.org\/wp-content\/uploads\/2021\/04\/unnamed.png 512w, https:\/\/inege.org\/wp-content\/uploads\/2021\/04\/unnamed-300x127.png 300w, https:\/\/inege.org\/wp-content\/uploads\/2021\/04\/unnamed-200x85.png 200w, https:\/\/inege.org\/wp-content\/uploads\/2021\/04\/unnamed-256x108.png 256w\" sizes=\"(max-width: 512px) 100vw, 512px\" \/>\t\t\t\t\t\t\t\t\t\t\t\t\t\t\t<\/div>\n\t\t\t\t<\/div>\n\t\t\t\t<div class=\"elementor-element elementor-element-28566077 elementor-widget elementor-widget-text-editor\" data-id=\"28566077\" data-element_type=\"widget\" data-e-type=\"widget\" data-widget_type=\"text-editor.default\">\n\t\t\t\t<div class=\"elementor-widget-container\">\n\t\t\t\t\t\t\t\t\t<p><strong>MISI\u00d3N<\/strong><\/p><p>El Instituto Nacional de Estad\u00edstica de Guinea Ecuatorial (INEGE) tiene como misi\u00f3n la coordinaci\u00f3n del Sistema Estad\u00edstico Nacional, y la generaci\u00f3n y difusi\u00f3n de informaci\u00f3n estad\u00edstica \u00fatil y de calidad con el prop\u00f3sito de facilitar el monitoreo y la evaluaci\u00f3n del desarrollo socio-econ\u00f3mico del pa\u00eds.<\/p><p><strong>VISI\u00d3N<\/strong><\/p><p>Ser una organizaci\u00f3n t\u00e9cnica, rectora del Sistema Estad\u00edstico Nacional, reconocida nacional e internacionalmente por la confiabilidad, oportunidad, transparencia y eficiencia de la informaci\u00f3n estad\u00edstica que recopila, produce, analiza y difunde, para facilitar la correcta toma de decisiones<\/p>\t\t\t\t\t\t\t\t<\/div>\n\t\t\t\t<\/div>\n\t\t\t\t\t<\/div>\n\t\t<\/div>\n\t\t\t\t\t<\/div>\n\t\t<\/section>\n\t\t\t\t<\/div>\n\t\t","protected":false},"excerpt":{"rendered":"<p>Misi\u00f3n y Visi\u00f3n NOSOTROS MISI\u00d3N El Instituto Nacional de Estad\u00edstica de Guinea Ecuatorial (INEGE) tiene como misi\u00f3n la coordinaci\u00f3n del Sistema Estad\u00edstico Nacional, y la generaci\u00f3n y difusi\u00f3n de informaci\u00f3n estad\u00edstica \u00fatil y de calidad con el prop\u00f3sito de facilitar el monitoreo y la evaluaci\u00f3n del desarrollo socio-econ\u00f3mico del pa\u00eds. VISI\u00d3N Ser una organizaci\u00f3n t\u00e9cnica, [&hellip;]<\/p>\n","protected":false},"author":14,"featured_media":0,"parent":157,"menu_order":0,"comment_status":"closed","ping_status":"closed","template":"elementor_header_footer","meta":{"footnotes":""},"class_list":["post-390","page","type-page","status-publish","hentry"],"_links":{"self":[{"href":"https:\/\/inege.org\/index.php?rest_route=\/wp\/v2\/pages\/390","targetHints":{"allow":["GET"]}}],"collection":[{"href":"https:\/\/inege.org\/index.php?rest_route=\/wp\/v2\/pages"}],"about":[{"href":"https:\/\/inege.org\/index.php?rest_route=\/wp\/v2\/types\/page"}],"author":[{"embeddable":true,"href":"https:\/\/inege.org\/index.php?rest_route=\/wp\/v2\/users\/14"}],"replies":[{"embeddable":true,"href":"https:\/\/inege.org\/index.php?rest_route=%2Fwp%2Fv2%2Fcomments&post=390"}],"version-history":[{"count":3,"href":"https:\/\/inege.org\/index.php?rest_route=\/wp\/v2\/pages\/390\/revisions"}],"predecessor-version":[{"id":4364,"href":"https:\/\/inege.org\/index.php?rest_route=\/wp\/v2\/pages\/390\/revisions\/4364"}],"up":[{"embeddable":true,"href":"https:\/\/inege.org\/index.php?rest_route=\/wp\/v2\/pages\/157"}],"wp:attachment":[{"href":"https:\/\/inege.org\/index.php?rest_route=%2Fwp%2Fv2%2Fmedia&parent=390"}],"curies":[{"name":"wp","href":"https:\/\/api.w.org\/{rel}","templated":true}]}}